e the remainder when 491 is divided by 2.
1
What is the remainder when 512 is divided by 19?
18
What is the remainder when 55523 is divided by 28?
27
What is the remainder when 299 is divided by 50?
49
What is the remainder when 1486 is divided by 110?
56
Calculate the remainder when 83 is divided by 20.
3
What is the remainder when 291 is divided by 37?
32
Calculate the remainder when 253 is divided by 16.
13
Calculate the remainder when 5596 is divided by 38.
10
What is the remainder when 3991 is divided by 235?
231
Calculate the remainder when 1116 is divided by 273.
24
Calculate the remainder when 71 is divided by 71.
0
Calculate the remainder when 250 is divided by 170.
80
Calculate the remainder when 72 is divided by 57.
15
Calculate the remainder when 151 is divided by 51.
49
What is the remainder when 193 is divided by 105?
88
What is the remainder when 392 is divided by 18?
14
What is the remainder when 714 is divided by 45?
39
What is the remainder when 305 is divided by 39?
32
Calculate the remainder when 1977 is divided by 46.
45
Calculate the remainder when 1295 is divided by 36.
35
Calculate the remainder when 28 is divided by 28.
0
Calculate the remainder when 125 is divided by 21.
20
Calculate the remainder when 55 is divided by 19.
17
Calculate the remainder when 18210 is divided by 39.
36
What is the remainder when 428 is divided by 202?
24
What is the remainder when 791 is divided by 112?
7
What is the remainder when 2789 is divided by 25?
14
Calculate the remainder when 822 is divided by 25.
22
What is the remainder when 631 is divided by 106?
101
Calculate the remainder when 135 is divided by 53.
29
Calculate the remainder when 1253 is divided by 119.
63
Calculate the remainder when 5461 is divided by 34.
21
Calculate the remainder when 1379 is divided by 230.
229
What is the remainder when 3034 is divided by 230?
44
What is the remainder when 259 is divided by 8?
3
What is the remainder when 150 is divided by 6?
0
Calculate the remainder when 59 is divided by 6.
5
What is the remainder when 96 is divided by 25?
21
What is the remainder when 15831 is divided by 14?
11
Calculate the remainder when 38 is divided by 31.
7
Calculate the remainder when 15874 is divided by 34.
30
Calculate the remainder when 4583 is divided by 1527.
2
Calculate the remainder when 14478 is divided by 26.
22
What is the remainder when 48 is divided by 5?
3
Calculate the remainder when 681 is divided by 200.
81
Calculate the remainder when 910 is divided by 48.
46
Calculate the remainder when 552 is divided by 22.
2
Calculate the remainder when 225 is divided by 78.
69
Calculate the remainder when 290 is divided by 251.
39
Calculate the remainder when 412 is divided by 14.
6
What is the remainder when 442 is divided by 106?
18
Calculate the remainder when 1208 is divided by 121.
119
Calculate the remainder when 1472 is divided by 374.
350
Calculate the remainder when 311 is divided by 13.
12
Calculate the remainder when 210 is divided by 36.
30
What is the remainder when 269 is divided by 22?
5
What is the remainder when 263 is divided by 22?
21
Calculate the remainder when 440 is divided by 44.
0
Calculate the remainder when 108 is divided by 8.
4
Calculate the remainder when 58 is divided by 56.
2
What is the remainder when 770 is divided by 55?
0
What is the remainder when 381 is divided by 51?
24
Calculate the remainder when 3419 is divided by 18.
17
Calculate the remainder when 459 is divided by 128.
75
Calculate the remainder when 3550 is divided by 2.
0
What is the remainder when 17 is divided by 1?
0
What is the remainder when 282 is divided by 60?
42
What is the remainder when 37 is divided by 13?
11
What is the remainder when 1577 is divided by 17?
13
What is the remainder when 150 is divided by 48?
6
What is the remainder when 2949 is divided by 15?
9
Calculate the remainder when 2633 is divided by 137.
30
What is the remainder when 23 is divided by 5?
3
What is the remainder when 7445 is divided by 29?
21
Calculate the remainder when 6948 is divided by 37.
29
What is the remainder when 1251 is divided by 30?
21
Calculate the remainder when 711 is divided by 122.
101
What is the remainder when 129 is divided by 37?
18
What is the remainder when 711 is divided by 299?
113
What is the remainder when 298 is divided by 7?
4
What is the remainder when 106 is divided by 48?
10
What is the remainder when 3135 is divided by 3126?
9
What is the remainder when 188 is divided by 27?
26
Calculate the remainder when 1511 is divided by 18.
17
What is the remainder when 251 is divided by 128?
123
What is the remainder when 46 is divided by 27?
19
Calculate the remainder when 479 is divided by 60.
59
Calculate the remainder when 23906 is divided by 86.
84
What is the remainder when 113 is divided by 23?
21
What is the remainder when 766 is divided by 59?
58
Calculate the remainder when 218 is divided by 65.
23
What is the remainder when 1597 is divided by 16?
13
Calculate the remainder when 429 is divided by 154.
121
What is the remainder when 381 is divided by 345?
36
What is the remainder when 456 is divided by 23?
19
Calculate the remainder when 156 is divided by 83.
73
Calculate the remainder when 404 is divided by 29.
27
Calculate the remainder when 96 is divided by 28.
12
Calculate the remainder when 653 is divided by 16.
13
What is the remainder when 638 is divided by 211?
5
Calculate the remainder when 2658 is divided by 20.
18
What is the remainder when 96 is divided by 71?
25
Calculate the remainder when 580 is divided by 53.
50
What is the remainder when 44 is divided by 15?
14
What is the remainder when 82 is divided by 24?
10
What is the remainder when 374 is divided by 2?
0
What is the remainder when 3574 is divided by 891?
10
Calculate the remainder when 835 is divided by 19.
18
Calculate the remainder when 90 is divided by 90.
0
What is the remainder when 1170 is divided by 1169?
1
What is the remainder when 217 is divided by 20?
17
What is the remainder when 129 is divided by 34?
27
What is the remainder when 213 is divided by 6?
3
Calculate the remainder when 3676 is divided by 16.
12
What is the remainder when 94 is divided by 5?
4
Calculate the remainder when 711 is divided by 14.
11
What is the remainder when 45 is divided by 16?
13
Calculate the remainder when 784 is divided by 33.
25
What is the remainder when 8930 is divided by 77?
75
What is the remainder when 334 is divided by 68?
62
What is the remainder when 196 is divided by 33?
31
What is the remainder when 228 is divided by 57?
0
What is the remainder when 12326 is divided by 7?
6
What is the remainder when 1454 is divided by 476?
26
Calculate the remainder when 638 is divided by 46.
40
Calculate the remainder when 354 is divided by 36.
30
What is the remainder when 374 is divided by 75?
74
What is the remainder when 8958 is divided by 31?
30
What is the remainder when 25 is divided by 17?
8
Calculate the remainder when 283 is divided by 63.
31
What is the remainder when 285 is divided by 72?
69
What is the remainder when 1370 is divided by 86?
80
Calculate the remainder when 49 is divided by 10.
9
What is the remainder when 3474 is divided by 79?
77
Calculate the remainder when 1580 is divided by 22.
18
What is the remainder when 421 is divided by 8?
5
What is the remainder when 376 is divided by 78?
64
Calculate the remainder when 2470 is divided by 1183.
104
What is the remainder when 5655 is divided by 138?
135
What is the remainder when 2014 is divided by 96?
94
What is the remainder when 47 is divided by 3?
2
Calculate the remainder when 55 is divided by 12.
7
What is the remainder when 197 is divided by 27?
8
Calculate the remainder when 91 is divided by 16.
11
What is the remainder when 99 is divided by 26?
21
Calculate the remainder when 1068 is divided by 514.
40
Calculate the remainder when 479 is divided by 21.
17
What is the remainder when 199 is divided by 57?
28
What is the remainder when 303 is divided by 61?
59
Calculate the remainder when 176 is divided by 30.
26
What is the remainder when 2962 is divided by 13?
11
Calculate the remainder when 133 is divided by 15.
13
What is the remainder when 72 is divided by 14?
2
Calculate the remainder when 1273